ded by 627.
281
Calculate the remainder when 16960 is divided by 2343.
559
Calculate the remainder when 404765 is divided by 1909.
57
What is the remainder when 53772902 is divided by 970?
952
Calculate the remainder when 4820806 is divided by 62.
58
Calculate the remainder when 2162800 is divided by 720932.
4
What is the remainder when 1122557 is divided by 280623?
65
What is the remainder when 1322979 is divided by 440989?
12
What is the remainder when 67182 is divided by 1486?
312
What is the remainder when 2608226 is divided by 2608203?
23
What is the remainder when 31631414 is divided by 3?
2
Calculate the remainder when 14408334 is divided by 81.
54
Calculate the remainder when 46697463 is divided by 15565790.
93
Calculate the remainder when 2187637 is divided by 53.
9
What is the remainder when 16919 is divided by 2399?
126
Calculate the remainder when 704750 is divided by 5779.
5491
Calculate the remainder when 1486336 is divided by 185764.
224
Calculate the remainder when 392714 is divided by 994.
84
What is the remainder when 36249673 is divided by 3078?
67
What is the remainder when 129269 is divided by 145?
74
What is the remainder when 38717 is divided by 12469?
1310
Calculate the remainder when 3501768 is divided by 1286.
1276
What is the remainder when 80823456 is divided by 50?
6
Calculate the remainder when 1468807824 is divided by 685.
684
Calculate the remainder when 203229 is divided by 13547.
24
Calculate the remainder when 678778 is divided by 339374.
30
Calculate the remainder when 7409404 is divided by 57.
31
What is the remainder when 463588 is divided by 115822?
300
Calculate the remainder when 112372 is divided by 5493.
2512
Calculate the remainder when 254788 is divided by 63688.
36
Calculate the remainder when 76174 is divided by 243.
115
What is the remainder when 337620 is divided by 465?
30
Calculate the remainder when 1598603 is divided by 55124.
7
What is the remainder when 899339 is divided by 4542?
23
What is the remainder when 7994972 is divided by 726809?
73
What is the remainder when 49895460 is divided by 16631820?
0
What is the remainder when 1220195 is divided by 69?
68
What is the remainder when 36089 is divided by 5149?
46
What is the remainder when 274393 is divided by 91451?
40
What is the remainder when 5145860 is divided by 1116?
1100
Calculate the remainder when 341476517 is divided by 10.
7
Calculate the remainder when 4241199 is divided by 1187.
48
What is the remainder when 614495977 is divided by 14?
11
What is the remainder when 17638945 is divided by 8?
1
Calculate the remainder when 2893308 is divided by 723326.
4
Calculate the remainder when 14010766 is divided by 2001525.
91
Calculate the remainder when 144387 is divided by 1438.
587
Calculate the remainder when 40175 is divided by 9816.
911
What is the remainder when 1219801 is divided by 10165?
1
Calculate the remainder when 132555 is divided by 44075.
330
What is the remainder when 11966179 is divided by 108?
103
What is the remainder when 14177697 is divided by 179?
2
Calculate the remainder when 385276588 is divided by 526.
524
Calculate the remainder when 431675 is divided by 2054.
335
Calculate the remainder when 355565 is divided by 118.
31
Calculate the remainder when 1243457 is divided by 11692.
4105
What is the remainder when 2356267 is divided by 181?
9
What is the remainder when 1347652 is divided by 722?
400
What is the remainder when 355825 is divided by 5739?
7
What is the remainder when 1630771 is divided by 135876?
259
Calculate the remainder when 45022964 is divided by 22511475.
14
Calculate the remainder when 10853130 is divided by 6259.
24
What is the remainder when 322888955 is divided by 78?
77
Calculate the remainder when 400692 is divided by 62.
48
Calculate the remainder when 1135313 is divided by 232.
137
Calculate the remainder when 164321 is divided by 40177.
3613
Calculate the remainder when 246009 is divided by 791.
8
Calculate the remainder when 302348 is divided by 312.
20
Calculate the remainder when 6367115 is divided by 26.
1
Calculate the remainder when 1381047 is divided by 69050.
47
Calculate the remainder when 969775 is divided by 12122.
15
Calculate the remainder when 464796 is divided by 4602.
4596
What is the remainder when 865920 is divided by 93?
90
Calculate the remainder when 943121 is divided by 201.
29
What is the remainder when 277493211 is divided by 674?
671
What is the remainder when 12063512 is divided by 3338?
3318
Calculate the remainder when 446501 is divided by 255.
251
Calculate the remainder when 879029 is divided by 1288.
613
What is the remainder when 153276 is divided by 608?
60
What is the remainder when 229464 is divided by 903?
102
Calculate the remainder when 339744 is divided by 169706.
332
Calculate the remainder when 2937080 is divided by 6814.
246
Calculate the remainder when 5915559 is divided by 164321.
3
What is the remainder when 69824 is divided by 3902?
3490
What is the remainder when 82210110 is divided by 2543?
6
What is the remainder when 1101727 is divided by 45890?
367
Calculate the remainder when 2567095 is divided by 2567004.
91
What is the remainder when 265856 is divided by 22153?
20
What is the remainder when 5668345 is divided by 115?
110
What is the remainder when 15504335 is divided by 413?
315
Calculate the remainder when 595362 is divided by 5015.
3592
Calculate the remainder when 1772062 is divided by 99.
61
Calculate the remainder when 112912735 is divided by 965066.
13
What is the remainder when 8389614 is divided by 2796537?
3
What is the remainder when 44898 is divided by 1318?
86
Calculate the remainder when 2159783 is divided by 1098.
17
Calculate the remainder when 3782063 is divided by 204.
107
Calculate the remainder when 42303853 is divided by 249.
247
What is the remainder when 103031 is divided by 724?
223
What is the remainder when 408349 is divided by 4043?
6
Calculate the remainder when 12427187 is divided by 78.
71
Calculate the remainder when 862378 is divided by 3493.
3100
What is the remainder when 148264 is divided by 29592?
304
What is the remainder when 21976137 is divided by 673?
668
Calculate the remainder when 1070330 is divided by 27.
23
What is the remainder when 4547061 is divided by 13?
12
Calculate the remainder when 904503 is divided by 113060.
23
Calculate the remainder when 765151 is divided by 31.
9
What is the remainder when 22364491 is divided by 233?
219
What is the remainder when 47439842 is divided by 9487967?
7
Calculate the remainder when 61200 is divided by 4248.
1728
Calculate the remainder when 116096050 is divided by 62.
58
Calculate the remainder when 8012 is divided by 6790.
1222
What is the remainder when 114618958 is divided by 6877?
6876
What is the remainder when 299444703 is divided by 805?
803
Calculate the remainder when 519914 is divided by 1562.
1330
Calculate the remainder when 5426291 is divided by 26.
13
What is the remainder when 125495 is divided by 83?
82
What is the remainder when 5124458 is divided by 4899?
104
Calculate the remainder when 1448184 is divided by 2859.
1530
What is the remainder when 3707037 is divided by 32?
29
What is the remainder when 65125 is divided by 31500?
2125
What is the remainder when 4213124 is divided by 39?
32
Calculate the remainder when 2240129 is divided by 58.
53
Calculate the remainder when 644377 is divided by 77.
41
What is the remainder when 164530699 is divided by 3609?
3607
Calculate the remainder when 36420597 is divided by 6.
3
What is the remainder when 76452 is divided by 1136?
340
What is the remainder when 5356280 is divided by 267?
260
What is the remainder when 1388343 is divided by 32?
23
What is the remainder when 5683 is divided by 887?
361
What is the remainder when 87081 is divided by 1796?
873
What is the remainder when 100860755 is divided by 2290?
2285
Calculate the remainder when 86757 is divided by 8355.
3207
What is the remainder when 35321 is divided by 17277?
767
Calculate the remainder when 238467 is divided by 1015.
957
What is the remainder when 205735 is divided by 205257?
478
Calculate the remainder when 763818 is divided by 2488.
2
Calculate the remainder when 196600 is divided by 516.
4
Calculate the remainder 